{"id":2590,"date":"2013-10-21T12:39:03","date_gmt":"2013-10-21T12:39:03","guid":{"rendered":"http:\/\/www.kriesi.at\/themes\/enfold\/?page_id=2590"},"modified":"2013-10-21T12:39:03","modified_gmt":"2013-10-21T12:39:03","slug":"masonry-blog","status":"publish","type":"page","link":"https:\/\/soimpression.com\/index.php\/blog\/masonry-blog\/","title":{"rendered":"Masonry Blog"},"content":{"rendered":"<div id='av-masonry-1' class='av-masonry  noHover av-fixed-size av-1px-gap av-hover-overlay-active av-masonry-animation-active av-masonry-col-automatic av-caption-always av-caption-style-    '  ><div class='av-masonry-sort main_color av-sort-yes' data-masonry-id='1' ><div class='av-sort-by-term  ' data-av-allowed-sort='[\"blog_sort\",\"frontpage-article_sort\",\"images_sort\",\"news_sort\",\"uncategorized_sort\"]' ><a href=\"#\" data-filter=\"all_sort\" class=\"all_sort_button active_sort\"><span class=\"inner_sort_button\"><span>All<\/span><small class=\"avia-term-count\"> 10 <\/small><\/span><\/a><span class='text-sep blog_sort_sep avia_show_sort'>\/<\/span><a href=\"#\" data-filter=\"blog_sort\" class=\"blog_sort_button avia_show_sort\" ><span class=\"inner_sort_button\"><span>Blog<\/span><small class='avia-term-count'> 10 <\/small><\/span><\/a><span class='text-sep frontpage-article_sort_sep avia_hide_sort'>\/<\/span><a href=\"#\" data-filter=\"frontpage-article_sort\" class=\"frontpage-article_sort_button avia_hide_sort\" ><span class=\"inner_sort_button\"><span>Frontpage Article<\/span><small class='avia-term-count'> 0 <\/small><\/span><\/a><span class='text-sep images_sort_sep avia_hide_sort'>\/<\/span><a href=\"#\" data-filter=\"images_sort\" class=\"images_sort_button avia_hide_sort\" ><span class=\"inner_sort_button\"><span>Images<\/span><small class='avia-term-count'> 0 <\/small><\/span><\/a><span class='text-sep news_sort_sep avia_hide_sort'>\/<\/span><a href=\"#\" data-filter=\"news_sort\" class=\"news_sort_button avia_hide_sort\" ><span class=\"inner_sort_button\"><span>News<\/span><small class='avia-term-count'> 0 <\/small><\/span><\/a><span class='text-sep uncategorized_sort_sep avia_hide_sort'>\/<\/span><a href=\"#\" data-filter=\"uncategorized_sort\" class=\"uncategorized_sort_button avia_hide_sort\" ><span class=\"inner_sort_button\"><span>Uncategorized<\/span><small class='avia-term-count'> 0 <\/small><\/span><\/a><\/div><\/div><div class='av-masonry-container isotope av-js-disabled ' ><div class='av-masonry-entry isotope-item av-masonry-item-no-image all_sort blog_sort '><\/div><a href=\"https:\/\/soimpression.com\/index.php\/2026\/04\/09\/gambling-in-the-united-states-a-comprehensive-overview\/\" id='av-masonry-1-item-24580' data-av-masonry-item='24580' class='av-masonry-entry isotope-item post-24580 post type-post status-publish format-standard hentry category-blog all_sort blog_sort  av-masonry-item-no-image' title=\"Gambling in the United States: A Comprehensive Overview\"  itemscope=\"itemscope\" itemtype=\"https:\/\/schema.org\/CreativeWork\" ><div class='av-inner-masonry-sizer'><\/div><figure class='av-inner-masonry main_color'><figcaption class='av-inner-masonry-content site-background'><div class='av-inner-masonry-content-pos'><div class='av-inner-masonry-content-pos-content'><div class='avia-arrow'><\/div><h3 class='av-masonry-entry-title entry-title '  itemprop=\"headline\" >Gambling in the United States: A Comprehensive Overview<\/h3><div class='av-masonry-entry-content entry-content'  itemprop=\"text\" >Legal Landscape of Gambling in the US   Gambling in the United\u2026<\/div><span class='av-masonry-date meta-color updated'>9 April 2026<\/span><span class=\"av-masonry-text-sep text-sep-author\">\/<\/span><span class='av-masonry-author meta-color vcard author'><span class='fn'>by adm_npdygj<\/span><\/span><\/div><\/div><\/figcaption><\/figure><\/a><!--end av-masonry entry--><a href=\"https:\/\/soimpression.com\/index.php\/2026\/04\/08\/slots-gem-online-the-ultimate-guide-for-aussie-gamers\/\" id='av-masonry-1-item-24576' data-av-masonry-item='24576' class='av-masonry-entry isotope-item post-24576 post type-post status-publish format-standard hentry category-blog all_sort blog_sort  av-masonry-item-no-image' title=\"Slots Gem Online: The Ultimate Guide for Aussie Gamers\"  itemscope=\"itemscope\" itemtype=\"https:\/\/schema.org\/CreativeWork\" ><div class='av-inner-masonry-sizer'><\/div><figure class='av-inner-masonry main_color'><figcaption class='av-inner-masonry-content site-background'><div class='av-inner-masonry-content-pos'><div class='av-inner-masonry-content-pos-content'><div class='avia-arrow'><\/div><h3 class='av-masonry-entry-title entry-title '  itemprop=\"headline\" >Slots Gem Online: The Ultimate Guide for Aussie Gamers<\/h3><div class='av-masonry-entry-content entry-content'  itemprop=\"text\" >Why Choose Slots Gem Online for Your Gaming Needs Aussie gamers\u2026<\/div><span class='av-masonry-date meta-color updated'>8 April 2026<\/span><span class=\"av-masonry-text-sep text-sep-author\">\/<\/span><span class='av-masonry-author meta-color vcard author'><span class='fn'>by adm_npdygj<\/span><\/span><\/div><\/div><\/figcaption><\/figure><\/a><!--end av-masonry entry--><a href=\"https:\/\/soimpression.com\/index.php\/2026\/04\/07\/%d1%80%d0%b5%d0%b3%d0%b8%d1%81%d1%82%d1%80%d0%b0%d1%86%d0%b8%d1%8f-%d0%bd%d0%b0-%d1%81%d0%b0%d0%b9%d1%82%d0%b5-%d0%ba%d0%b0%d0%ba-%d0%bd%d0%b0%d1%87%d0%b0%d1%82%d1%8c-%d0%b8-%d1%87%d1%82%d0%be-%d0%b2\/\" id='av-masonry-1-item-24572' data-av-masonry-item='24572' class='av-masonry-entry isotope-item post-24572 post type-post status-publish format-standard hentry category-blog all_sort blog_sort  av-masonry-item-no-image' title=\"\u0420\u0435\u0433\u0438\u0441\u0442\u0440\u0430\u0446\u0438\u044f \u043d\u0430 \u0441\u0430\u0439\u0442\u0435: \u043a\u0430\u043a \u043d\u0430\u0447\u0430\u0442\u044c \u0438 \u0447\u0442\u043e \u0432\u0430\u0436\u043d\u043e\"  itemscope=\"itemscope\" itemtype=\"https:\/\/schema.org\/CreativeWork\" ><div class='av-inner-masonry-sizer'><\/div><figure class='av-inner-masonry main_color'><figcaption class='av-inner-masonry-content site-background'><div class='av-inner-masonry-content-pos'><div class='av-inner-masonry-content-pos-content'><div class='avia-arrow'><\/div><h3 class='av-masonry-entry-title entry-title '  itemprop=\"headline\" >\u0420\u0435\u0433\u0438\u0441\u0442\u0440\u0430\u0446\u0438\u044f \u043d\u0430 \u0441\u0430\u0439\u0442\u0435: \u043a\u0430\u043a \u043d\u0430\u0447\u0430\u0442\u044c \u0438 \u0447\u0442\u043e \u0432\u0430\u0436\u043d\u043e<\/h3><div class='av-masonry-entry-content entry-content'  itemprop=\"text\" >\u041e\u0441\u043d\u043e\u0432\u043d\u044b\u0435 \u0448\u0430\u0433\u0438 \u0434\u043b\u044f \u0440\u0435\u0433\u0438\u0441\u0442\u0440\u0430\u0446\u0438\u0438 \u0420\u0435\u0433\u0438\u0441\u0442\u0440\u0430\u0446\u0438\u044f\u2026<\/div><span class='av-masonry-date meta-color updated'>7 April 2026<\/span><span class=\"av-masonry-text-sep text-sep-author\">\/<\/span><span class='av-masonry-author meta-color vcard author'><span class='fn'>by adm_npdygj<\/span><\/span><\/div><\/div><\/figcaption><\/figure><\/a><!--end av-masonry entry--><a href=\"https:\/\/soimpression.com\/index.php\/2026\/04\/03\/everything-you-need-to-know-about-online-sports-betting-in-the-usa\/\" id='av-masonry-1-item-17148' data-av-masonry-item='17148' class='av-masonry-entry isotope-item post-17148 post type-post status-publish format-standard hentry category-blog all_sort blog_sort  av-masonry-item-no-image' title=\"Everything You Need to Know About Online Sports Betting in the USA\"  itemscope=\"itemscope\" itemtype=\"https:\/\/schema.org\/CreativeWork\" ><div class='av-inner-masonry-sizer'><\/div><figure class='av-inner-masonry main_color'><figcaption class='av-inner-masonry-content site-background'><div class='av-inner-masonry-content-pos'><div class='av-inner-masonry-content-pos-content'><div class='avia-arrow'><\/div><h3 class='av-masonry-entry-title entry-title '  itemprop=\"headline\" >Everything You Need to Know About Online Sports Betting in the USA<\/h3><div class='av-masonry-entry-content entry-content'  itemprop=\"text\" >Introduction to Sports Betting in the United States Online sports\u2026<\/div><span class='av-masonry-date meta-color updated'>3 April 2026<\/span><span class=\"av-masonry-text-sep text-sep-author\">\/<\/span><span class='av-masonry-author meta-color vcard author'><span class='fn'>by adm_npdygj<\/span><\/span><\/div><\/div><\/figcaption><\/figure><\/a><!--end av-masonry entry--><a href=\"https:\/\/soimpression.com\/index.php\/2026\/04\/01\/the-16th-coin-in-the-presidential-dollar-series-a-numismatic-milestone\/\" id='av-masonry-1-item-24574' data-av-masonry-item='24574' class='av-masonry-entry isotope-item post-24574 post type-post status-publish format-standard hentry category-blog all_sort blog_sort  av-masonry-item-no-image' title=\"The 16th Coin in the Presidential Dollar Series: A Numismatic Milestone\"  itemscope=\"itemscope\" itemtype=\"https:\/\/schema.org\/CreativeWork\" ><div class='av-inner-masonry-sizer'><\/div><figure class='av-inner-masonry main_color'><figcaption class='av-inner-masonry-content site-background'><div class='av-inner-masonry-content-pos'><div class='av-inner-masonry-content-pos-content'><div class='avia-arrow'><\/div><h3 class='av-masonry-entry-title entry-title '  itemprop=\"headline\" >The 16th Coin in the Presidential Dollar Series: A Numismatic Milestone<\/h3><div class='av-masonry-entry-content entry-content'  itemprop=\"text\" >Introduction to the Presidential Dollar Program The Presidential\u2026<\/div><span class='av-masonry-date meta-color updated'>1 April 2026<\/span><span class=\"av-masonry-text-sep text-sep-author\">\/<\/span><span class='av-masonry-author meta-color vcard author'><span class='fn'>by adm_npdygj<\/span><\/span><\/div><\/div><\/figcaption><\/figure><\/a><!--end av-masonry entry--><a href=\"https:\/\/soimpression.com\/index.php\/2026\/04\/01\/slot-rabbit-road-gra-online-z-ekscytujacymi-bonusami-i-wysokimi-wygryszami\/\" id='av-masonry-1-item-24578' data-av-masonry-item='24578' class='av-masonry-entry isotope-item post-24578 post type-post status-publish format-standard hentry category-blog all_sort blog_sort  av-masonry-item-no-image' title=\"Slot Rabbit Road \u2013 Gra Online z Ekscytuj\u0105cymi Bonusami i Wysokimi Wygryszami\"  itemscope=\"itemscope\" itemtype=\"https:\/\/schema.org\/CreativeWork\" ><div class='av-inner-masonry-sizer'><\/div><figure class='av-inner-masonry main_color'><figcaption class='av-inner-masonry-content site-background'><div class='av-inner-masonry-content-pos'><div class='av-inner-masonry-content-pos-content'><div class='avia-arrow'><\/div><h3 class='av-masonry-entry-title entry-title '  itemprop=\"headline\" >Slot Rabbit Road \u2013 Gra Online z Ekscytuj\u0105cymi Bonusami i Wysokimi Wygryszami<\/h3><div class='av-masonry-entry-content entry-content'  itemprop=\"text\" >O grze Rabbit Road Slot Rabbit Road Slot to innowacyjna gra online,\u2026<\/div><span class='av-masonry-date meta-color updated'>1 April 2026<\/span><span class=\"av-masonry-text-sep text-sep-author\">\/<\/span><span class='av-masonry-author meta-color vcard author'><span class='fn'>by adm_npdygj<\/span><\/span><\/div><\/div><\/figcaption><\/figure><\/a><!--end av-masonry entry--><a href=\"https:\/\/soimpression.com\/index.php\/2026\/03\/31\/enhancing-cybersecurity-with-proxy-servers-a-comprehensive-guide\/\" id='av-masonry-1-item-17132' data-av-masonry-item='17132' class='av-masonry-entry isotope-item post-17132 post type-post status-publish format-standard hentry category-blog all_sort blog_sort  av-masonry-item-no-image' title=\"Enhancing Cybersecurity with Proxy Servers: A Comprehensive Guide\"  itemscope=\"itemscope\" itemtype=\"https:\/\/schema.org\/CreativeWork\" ><div class='av-inner-masonry-sizer'><\/div><figure class='av-inner-masonry main_color'><figcaption class='av-inner-masonry-content site-background'><div class='av-inner-masonry-content-pos'><div class='av-inner-masonry-content-pos-content'><div class='avia-arrow'><\/div><h3 class='av-masonry-entry-title entry-title '  itemprop=\"headline\" >Enhancing Cybersecurity with Proxy Servers: A Comprehensive Guide<\/h3><div class='av-masonry-entry-content entry-content'  itemprop=\"text\" >Understanding Proxy Servers in Cybersecurity Proxy servers play\u2026<\/div><span class='av-masonry-date meta-color updated'>31 March 2026<\/span><span class=\"av-masonry-text-sep text-sep-author\">\/<\/span><span class='av-masonry-author meta-color vcard author'><span class='fn'>by adm_npdygj<\/span><\/span><\/div><\/div><\/figcaption><\/figure><\/a><!--end av-masonry entry--><a href=\"https:\/\/soimpression.com\/index.php\/2026\/03\/31\/proxy-services-for-enhanced-cybersecurity-a-comprehensive-guide\/\" id='av-masonry-1-item-17134' data-av-masonry-item='17134' class='av-masonry-entry isotope-item post-17134 post type-post status-publish format-standard hentry category-blog all_sort blog_sort  av-masonry-item-no-image' title=\"Proxy Services for Enhanced Cybersecurity: A Comprehensive Guide\"  itemscope=\"itemscope\" itemtype=\"https:\/\/schema.org\/CreativeWork\" ><div class='av-inner-masonry-sizer'><\/div><figure class='av-inner-masonry main_color'><figcaption class='av-inner-masonry-content site-background'><div class='av-inner-masonry-content-pos'><div class='av-inner-masonry-content-pos-content'><div class='avia-arrow'><\/div><h3 class='av-masonry-entry-title entry-title '  itemprop=\"headline\" >Proxy Services for Enhanced Cybersecurity: A Comprehensive Guide<\/h3><div class='av-masonry-entry-content entry-content'  itemprop=\"text\" >Understanding Proxy Servers in Cybersecurity Proxy servers play\u2026<\/div><span class='av-masonry-date meta-color updated'>31 March 2026<\/span><span class=\"av-masonry-text-sep text-sep-author\">\/<\/span><span class='av-masonry-author meta-color vcard author'><span class='fn'>by adm_npdygj<\/span><\/span><\/div><\/div><\/figcaption><\/figure><\/a><!--end av-masonry entry--><a href=\"https:\/\/soimpression.com\/index.php\/2023\/12\/09\/soimpression-votre-imprimerie-de-confiance-a-casablanca-5\/\" id='av-masonry-1-item-10' data-av-masonry-item='10' class='av-masonry-entry isotope-item post-10 post type-post status-publish format-standard hentry category-blog all_sort blog_sort  av-masonry-item-no-image' title=\"Soimpression : votre imprimerie de confiance \u00e0 Casablanca\"  itemscope=\"itemscope\" itemtype=\"https:\/\/schema.org\/CreativeWork\" ><div class='av-inner-masonry-sizer'><\/div><figure class='av-inner-masonry main_color'><figcaption class='av-inner-masonry-content site-background'><div class='av-inner-masonry-content-pos'><div class='av-inner-masonry-content-pos-content'><div class='avia-arrow'><\/div><h3 class='av-masonry-entry-title entry-title '  itemprop=\"headline\" >Soimpression : votre imprimerie de confiance \u00e0 Casablanca<\/h3><div class='av-masonry-entry-content entry-content'  itemprop=\"text\" >Soimpression est une imprimerie bas\u00e9e \u00e0 Casablanca, au Maroc,\u2026<\/div><span class='av-masonry-date meta-color updated'>9 December 2023<\/span><span class=\"av-masonry-text-sep text-sep-author\">\/<\/span><span class='av-masonry-author meta-color vcard author'><span class='fn'>by soimpression.com<\/span><\/span><\/div><\/div><\/figcaption><\/figure><\/a><!--end av-masonry entry--><a href=\"https:\/\/soimpression.com\/index.php\/2023\/12\/09\/soimpression-votre-imprimerie-specialisee-a-casablanca-au-maroc\/\" id='av-masonry-1-item-9' data-av-masonry-item='9' class='av-masonry-entry isotope-item post-9 post type-post status-publish format-standard hentry category-blog all_sort blog_sort  av-masonry-item-no-image' title=\"Soimpression : Votre imprimerie sp\u00e9cialis\u00e9e \u00e0 Casablanca, au Maroc\"  itemscope=\"itemscope\" itemtype=\"https:\/\/schema.org\/CreativeWork\" ><div class='av-inner-masonry-sizer'><\/div><figure class='av-inner-masonry main_color'><figcaption class='av-inner-masonry-content site-background'><div class='av-inner-masonry-content-pos'><div class='av-inner-masonry-content-pos-content'><div class='avia-arrow'><\/div><h3 class='av-masonry-entry-title entry-title '  itemprop=\"headline\" >Soimpression : Votre imprimerie sp\u00e9cialis\u00e9e \u00e0 Casablanca, au Maroc<\/h3><div class='av-masonry-entry-content entry-content'  itemprop=\"text\" >Soimpression est une imprimerie bas\u00e9e \u00e0 Casablanca, au Maroc,\u2026<\/div><span class='av-masonry-date meta-color updated'>9 December 2023<\/span><span class=\"av-masonry-text-sep text-sep-author\">\/<\/span><span class='av-masonry-author meta-color vcard author'><span class='fn'>by soimpression.com<\/span><\/span><\/div><\/div><\/figcaption><\/figure><\/a><!--end av-masonry entry--><\/div><a class='av-masonry-pagination av-masonry-load-more' href='#load-more'  data-ids=''  data-action=''  data-link='category'  data-post_type='post, page, attachment, revision, nav_menu_item, custom_css, customize_changeset, oembed_cache, user_request, wp_block, wp_template, wp_template_part, wp_global_styles, wp_navigation, wp_font_family, wp_font_face, product, product_variation, shop_order, shop_order_refund, shop_coupon, shop_order_placehold, portfolio, avia_framework_post'  data-items='10'  data-size='fixed manually'  data-gap='1px'  data-overlay_fx='active'  data-animation='active'  data-offset='0'  data-container_links='1'  data-container_class=''  data-paginate='load_more'  data-caption_elements='title excerpt'  data-caption_display='always'  data-caption_styling=''  data-wc_prod_visible=''  data-prod_order_by=''  data-prod_order=''  data-sort='yes'  data-columns='automatic'  data-auto_ratio='1.7'  data-set_breadcrumb='1'  data-custom_markup=''  data-query_orderby='date'  data-query_order='DESC'  data-color=''  data-custom_bg=''  data-custom_class=''  data-orientation=''  data-date_filter=''  data-date_filter_start=''  data-date_filter_end=''  data-date_filter_format='yy\/mm\/dd'  data-id=''  data-taxonomy='category'  data-categories='1,2,3,4,5'  data-avno='5e7eb7a7ba'>Load more<\/a><\/div>\n","protected":false},"excerpt":{"rendered":"","protected":false},"author":1,"featured_media":0,"parent":731,"menu_order":0,"comment_status":"open","ping_status":"open","template":"","meta":{"footnotes":""},"class_list":["post-2590","page","type-page","status-publish","hentry"],"_links":{"self":[{"href":"https:\/\/soimpression.com\/index.php\/wp-json\/wp\/v2\/pages\/2590","targetHints":{"allow":["GET"]}}],"collection":[{"href":"https:\/\/soimpression.com\/index.php\/wp-json\/wp\/v2\/pages"}],"about":[{"href":"https:\/\/soimpression.com\/index.php\/wp-json\/wp\/v2\/types\/page"}],"author":[{"embeddable":true,"href":"https:\/\/soimpression.com\/index.php\/wp-json\/wp\/v2\/users\/1"}],"replies":[{"embeddable":true,"href":"https:\/\/soimpression.com\/index.php\/wp-json\/wp\/v2\/comments?post=2590"}],"version-history":[{"count":0,"href":"https:\/\/soimpression.com\/index.php\/wp-json\/wp\/v2\/pages\/2590\/revisions"}],"up":[{"embeddable":true,"href":"https:\/\/soimpression.com\/index.php\/wp-json\/wp\/v2\/pages\/731"}],"wp:attachment":[{"href":"https:\/\/soimpression.com\/index.php\/wp-json\/wp\/v2\/media?parent=2590"}],"curies":[{"name":"wp","href":"https:\/\/api.w.org\/{rel}","templated":true}]}}